971 a prime number?
True
Let d be 6068/6 + (-4)/(-6). Suppose -y - 311 = -d. Is y composite?
False
Let f be 5/(20/1296) - (2 + -2). Suppose 4*n + 19 = 311. Let s = f - n. Is s a prime number?
True
Let g = -17 + 21. Suppose -s - z + 13 = -13, g*s = -3*z + 105. Suppose 2*y + s = 5*y. Is y a prime number?
False
Let a(z) = -z - 2 - 2*z - 2*z**3 - 5*z - z**2. Let y be 14*((-12)/8 - -1). Is a(y) a prime number?
True
Suppose -242 = -x + 132. Let q = 861 - x. Is q composite?
False
Suppose b - 5*b + 4*u = -8, 0 = -3*b + 2*u + 7. Suppose 5*d - 1238 = -b*p, d - 4*d = -3*p - 738. Suppose -2*c + w + d = 3*c, -206 = -4*c + 5*w. Is c composite?
True
Suppose 7245 - 945 = 5*a - 4*z, -3*z = 0. Let v = -3535 + a. Is v/(-9) + 24/108 a composite number?
True
Let k(q) = 9793*q**3 + 2*q - 2. Is k(1) a composite number?
True
Let c = -16 + 39. Let f = -21 + c. Is (f/(-4))/(8/(-4016)) a composite number?
False
Suppose -13*h + 15953 = -6*h. Is h prime?
False
Suppose 4*c + 679 = -985. Let s = c + 933. Is s prime?
False
Let j(z) = -3*z**3 - 23*z**2 - 21*z + 8. Is j(-9) a prime number?
True
Let u(w) = w**3 + 13*w**2 - 12*w + 11. Let q be u(-14). Let h = -12 - q. Suppose 2*x - 5*a = 422, -2*a - 844 = -4*x - h*a. Is x prime?
True
Let c = 14 + -9. Suppose i = -c*w + 1177, 0 = 2*i + 2*i + 2*w - 4690. Is 1/6 + i/24 a prime number?
False
Let d be 4 + (-8)/4*2. Suppose 3*q = 2*a - 137, -2*a - q - 3*q + 130 = d. Is a a composite number?
False
Let q be 215/15 - (-1)/(-3). Let n = 12 - q. Is n/4 + 3807/18 composite?
False
Let l = 3724 - 271. Is l a prime number?
False
Let o = 4077 + -688. Is o a prime number?
True
Let u be ((-1)/(-2))/(-2 - 63/(-30)). Suppose -u*c + 457 = -708. Is c a composite number?
False
Is 2/23 - 23/(529/(-1700)) a composite number?
True
Let d(g) be the third derivative of g**6/120 - g**5/20 - g**4/12 - 5*g**3/6 - 5*g**2. Let m be d(5). Let i = m + -21. Is i a composite number?
True
Suppose -8*c = -9*c - 16. Is (1 + -3)/(c/8696) a prime number?
True
Suppose 30*t - 71673 = 23*t. Is t composite?
True
Let s be 30/12 - 2/(-4). Suppose 4*f + 2096 = 6*f - 4*i, -5*f - 4*i = -5170. Suppose -1038 = -2*r - s*p, -p = 2*r - 6*p - f. Is r a prime number?
False
Suppose -4*i + 3*o - 1038 = -307, 181 = -i - o. Let m = 273 + i. Is m a composite number?
True
Let p(g) = 2*g**2 + 12*g - 23. Let u be p(6). Suppose -132 = -d + u. Is d composite?
True
Let c = 4 + 29. Suppose 3*z = 4*z - c. Is z composite?
True
Let c(p) = -7 - 45*p + 37*p + 48 + 11*p**2 - p**2. Is c(6) a composite number?
False
Let g(p) = -p + 6. Let u(f) = f**2 - 10*f + 2. Let x be u(10). Let n be g(x). Suppose -n*j = -2*i - 1588, -4*j - 8*i = -3*i - 1588. Is j prime?
True
Suppose 1397 = 2*q - 1125. Suppose 8*l = q - 189. Is l prime?
False
Let p(u) = -103*u + 65. Is p(-6) composite?
False
Suppose -5*h - 45 = 5*p, 4*h = p - 4 - 2. Let c(u) be the second derivative of 2*u**4/3 - 5*u**3/6 + 4*u**2 - 2*u. Is c(p) prime?
False
Suppose 0 = -5*l + 5*d + 1020, -2*l - 3*d + 418 = -7*d. Suppose 8921 - l = 14*z. Is z prime?
False
Suppose 3*x + k - 4352 = 1809, 4*x - 3*k - 8206 = 0. Is x a prime number?
True
Let i(w) = -w**3 - 3*w**2 - 2*w - 3. Let n be i(-3). Suppose -n*k - 12 = 3*g, -4*g - 16 = -2*k - 2*k. Suppose k*f + f = 329. Is f composite?
True
Let z(j) = 122*j**2 - 89*j + 78. Is z(-21) composite?
True
Is (-6)/(71118/14226 - 5) a prime number?
False
Let d = 4829 + -2496. Is d a composite number?
False
Is (-2838)/15*-53 - (-6)/(-10) prime?
False
Is ((-3)/(-15))/(1/32995) prime?
True
Let i = -4 + 6. Let r(t) = -t**3 - t**2 + 1. Let l(s) = -2*s**3 - 4*s**2 + 2*s + 2. Let p(h) = 2*l(h) - 6*r(h). Is p(i) composite?
True
Let u = -108 - -83. Is (-3237)/(-5) + 10/u a prime number?
True
Let w(q) = -q**2 + 15*q - 15. Let u be w(13). Let g be (-10)/6 - (-3)/(-9). Is g/u + (-4434)/(-66) composite?
False
Let w be 7 - (1 - -5) - (-1 - 717). Suppose w = -4*b + 6963. Is b a composite number?
True
Is (235131/(-39))/(-2 + 1) a composite number?
False
Let g be (-2)/5 + 286/65. Suppose 4*y = -g*v + 296, -2*y - 3*v = 2*y - 301. Is y a composite number?
False
Suppose 154 = -0*j - 2*j + 3*d, 363 = -5*j + 2*d. Let p = j - -37. Let c = p + 57. Is c a prime number?
True
Let h be 3 - -5 - (2 + 2). Suppose -15 = -3*f - 5*d, -d + 2*d - 3 = h*f. Suppose 3*s + 23 - 656 = f. Is s a composite number?
False
Suppose -38*t + 42*t = 13556. Is t a prime number?
True
Let j = 32 + -27. Suppose j*v - 598 = 37. Is v composite?
False
Let l(o) = 48*o**3 - 7*o**2 + 14*o - 33. Is l(6) a prime number?
False
Suppose 0 = -52*k + 49*k + 32997. Is k prime?
False
Let z = -842 + 907. Is z a composite number?
True
Is 27485/25 - (-1 + (-14)/(-10)) prime?
False
Suppose 63 = 2*i + 5. Suppose q = -q + 5*j + i, 5*j + 25 = 0. Suppose 239 = 2*f - 3*b, f - 2*f = -q*b - 117. Is f composite?
False
Let c(k) = 50*k - 4 - 1 - 2 + 36*k. Is c(10) composite?
False
Let j be (36 - (-4 + 2))/2. Let g = 34 + j. Is g a prime number?
True
Is (4/(-5))/((-14)/70) - -1955 a composite number?
True
Suppose 3*s + 5*y = 17227, 11*y - 22954 = -4*s + 12*y. Is s prime?
False
Let n(v) = -v**2. Let l(a) = -2*a**3 + 9*a**2 + 7*a - 19. Let f(x) = -l(x) - 6*n(x). Is f(5) a composite number?
True
Let h be (-6 - -9)*227*2. Suppose -x - 2680 = -3*x + 3*g, -h = -x - 4*g. Is x prime?
False
Suppose 81*b - 710317 = 38*b. Is b prime?
True
Suppose -5*x - 4*w = -2*w - 26, 2*w = 2*x - 16. Is (-4 - (-26)/x) + (-1757)/(-3) a prime number?
False
Let b be 60/(-5)*(-38)/(-6). Let r = 47 - b. Let d = -8 + r. Is d a prime number?
False
Let h(t) = 2*t**2 + 14*t**3 + 85 - t - t**2 - 13*t**3. Is h(0) a prime number?
False
Let j = -54240 + 125845. Is j a prime number?
False
Suppose -1 = 3*z - 4*t, -2*t + 5 = 3*z - 0*t. Suppose -4*y + 33 = z. Suppose -3*v - 130 = -y*v. Is v a composite number?
True
Let f = 9061 - -6844. Is f a prime number?
False
Let s = -1364 - -1366. Let o(p) = 5*p**3 + 1. Let q be o(-1). Is (3 + q)*s*-17 composite?
True
Suppose -5*d + q - 8069 = -0*q, 0 = -5*q + 20. Let f = d + 2778. Is f prime?
False
Let i(b) = 6*b**3 - 19*b**2 - 5*b + 31. Is i(8) a prime number?
True
Suppose -p - 537 = 3*q, -3*p = -4*p. Let o = -251 - q. Let k = o - -109. Is k a prime number?
True
Is (-1 - -8223)*1/2 a composite number?
False
Let t = -28125 - -58756. Is t a composite number?
False
Let c = -521 - -1222. Is c prime?
True
Suppose -57 = -4*s - 233. Let w be (-1)/(-3) - s/12. Suppose w*n - 89 = 3. Is n a prime number?
True
Is (-14)/(-14) - 6*-6 composite?
False
Let z(s) = -4*s**3 - 5*s**2 - s - 9. Is z(-5) composite?
True
Let o = 104 + -54. Let z = o - -95. Suppose -u + z = -184. Is u a prime number?
False
Is (50/25)/(2/(-36238)*-2) a prime number?
True
Let k(p) be the first derivative of -p**4/4 - 5*p**3/3 - 4*p**2 + 5*p - 1. Let s(x) = -19*x + 126. Let h be s(7). Is k(h) a composite number?
True
Let u = -35 + 66. Let s = u - -12. Is s composite?
False
Suppose -198*k + 205*k = 6979. Is k a composite number?
False
Let o be 4/18 + (-10)/45. Suppose -4*j - h + 4 = 1, o = -2*h + 6. Suppose j = 4*w - 5*w + 649. Is w composite?
True
Let p(r) = 146*r - 19. Is p(3) a prime number?
True
Let a = 27 + -32. Let q(l) = -8*l**3 + 3*l**2 - 3*l - 21. Is q(a) prime?
True
Suppose 0*q = -3*q + 3. Let a(f) = 2*f**2 + f - 1. Let z be a(q). Suppose 548 = z*o - 1010. Is o a composite number?
True
Let r be 2034 - 1/(4/4). Let h = -1180 + r. Is h a composite number?
False
Suppose -5*g = -3*f + 2, 2*g - 2 = 2. Suppose -2*z = -f - 4. Is 1*-586*z/(-8) a prime number?
True
Let r = 932 - -1041. Is r a prime number?
True
Let t(y) be the second derivative of -y**5/20 + y**4/6 + y**3/6 + y**2/2 + 2*y. Let z be t(2). Suppose z*c = -2*l + 925, c + c - 608 = 3*l. Is c composite?
False
Let r be 4/16 - 38/(-8). Let x(a) = -124*a**3 + a**2 + 3*a + 5. Let j be x(-2). Suppose -j = -r*o - 270. Is o composite?
True
Let j = 697 + -104. Is j a prime number?
True
Is (94 + -410)*-197*(-1)/(-4) a prime number?
False
Suppose -3*y - 34376 = -2*a + 7947, a = 2*y + 21159. Is a prime?
True
Suppose -2*q - 3*q + 265 = 0. Let d = q - -60. Is d a prime number?
True
Let a(b) = -74*b + 1. Let w(c) = -c**2 - 5*c + 4. Let h be 18/27 + 40/(-6). Let o be w(h). Is a(o) a prime number?
True
Let d = -283 + 164. Let k be 5/(-7) - (-34)/d. Is 118 + k + 2/(-1) composite?
True
Is -6 + 201 - (-6 -